 1732242409 prime?
False
Is 4278286823 a prime number?
False
Is 910034557 prime?
False
Is 7116724499 a composite number?
False
Is 569293007 composite?
True
Is 187685149 a prime number?
False
Is 1167707089 composite?
False
Is 286668939 a composite number?
True
Is 268755511 prime?
True
Is 478588723 a prime number?
False
Is 2770356247 a composite number?
False
Is 37933276829 a composite number?
True
Is 413023861 a prime number?
False
Is 5279878867 prime?
False
Is 49182721061 prime?
True
Is 1493022889 prime?
True
Is 5948337811 prime?
False
Is 2828701679 prime?
True
Is 3665401027 prime?
False
Is 22166449 composite?
True
Is 356622493 composite?
False
Is 1102499677 a composite number?
False
Is 5002403209 a composite number?
False
Is 26639108101 a prime number?
True
Is 4457888719 prime?
False
Is 3199620911 composite?
True
Is 5013798709 prime?
False
Is 5893297531 a prime number?
False
Is 149300175229 prime?
False
Is 5842633717 composite?
False
Is 109713797 a composite number?
True
Is 649846507 a composite number?
True
Is 352869137101 a prime number?
False
Is 304599719 a composite number?
True
Is 68666326517 prime?
True
Is 190961847211 composite?
False
Is 3823053523 a prime number?
True
Is 83939939 prime?
False
Is 11330950417 a composite number?
False
Is 19171488887 a composite number?
True
Is 835667743 prime?
True
Is 149359013 prime?
False
Is 22275224927 prime?
True
Is 14102962259 composite?
False
Is 1226360285 composite?
True
Is 24067988543 a prime number?
True
Is 27489615073 a composite number?
False
Is 10350812463 prime?
False
Is 5369351717 composite?
False
Is 814578293 a prime number?
False
Is 1402020517 a composite number?
True
Is 75117708517 composite?
True
Is 809979809 prime?
True
Is 4759874983 a composite number?
False
Is 68455541089 a composite number?
True
Is 321105914 prime?
False
Is 5155753849 composite?
True
Is 3753217879 composite?
False
Is 559630801 prime?
True
Is 306071789 a composite number?
False
Is 69825785587 prime?
True
Is 11810597573 a composite number?
False
Is 6049572649 a composite number?
False
Is 38040949 a composite number?
True
Is 74281551613 prime?
True
Is 141261943 composite?
False
Is 12731603 composite?
True
Is 42967492471 composite?
True
Is 64931553923 composite?
False
Is 3890594051 a prime number?
True
Is 204876041 composite?
False
Is 1186308559 composite?
True
Is 5475329443 prime?
True
Is 633654283 composite?
False
Is 1082099767 a composite number?
True
Is 8407588603 composite?
False
Is 6253342079 a prime number?
True
Is 1288254377 a prime number?
True
Is 3443701237 a composite number?
True
Is 59854783507 a prime number?
False
Is 1697735147 a prime number?
True
Is 59088716891 a composite number?
True
Is 381711101 a composite number?
False
Is 96590977687 a composite number?
False
Is 622943796979 a composite number?
True
Is 2906831738 composite?
True
Is 458863607 prime?
False
Is 1161480274 composite?
True
Is 228951719309 a prime number?
True
Is 2679218743 a prime number?
True
Is 132433969 prime?
True
Is 2514576619 a prime number?
True
Is 168744467 a prime number?
False
Is 440724013 a prime number?
False
Is 10043406787 a prime number?
True
Is 254957656463 prime?
True
Is 14901451121 composite?
False
Is 15540959627 composite?
False
Is 8552763587 a prime number?
False
Is 2136643849 composite?
False
Is 4425921581 composite?
False
Is 392902613 prime?
True
Is 319682777 prime?
False
Is 162075883 prime?
True
Is 290259341 a composite number?
False
Is 1854107581 a composite number?
False
Is 20078998063 a composite number?
False
Is 281211146 composite?
True
Is 3359883617 prime?
True
Is 7807200971 prime?
True
Is 65548754069 a prime number?
True
Is 21104030669 prime?
True
Is 87236879 prime?
False
Is 6877823549 prime?
False
Is 7172474923 a prime number?
True
Is 850775309 composite?
False
Is 907487839 composite?
True
Is 76333515751 prime?
True
Is 55532861 a composite number?
False
Is 11992257749 prime?
False
Is 631023283 a prime number?
False
Is 12323297687 composite?
False
Is 21326298082 composite?
True
Is 224432297 prime?
True
Is 3108840635 composite?
True
Is 78697919 a prime number?
False
Is 6718346809 a prime number?
True
Is 1002340931 prime?
False
Is 180947305081 a composite number?
False
Is 18297750061 a composite number?
False
Is 15607103933 prime?
True
Is 5963728853 composite?
False
Is 25305629663 prime?
True
Is 699692611 composite?
False
Is 47215735321 composite?
False
Is 17200949 a prime number?
True
Is 6156994127 a composite number?
True
Is 505335193 composite?
True
Is 1839487883 a composite number?
False
Is 3760931021 a prime number?
False
Is 8926349 prime?
True
Is 1756095587 a prime number?
False
Is 2706597941 prime?
False
Is 3105837947 a composite number?
False
Is 311537477 prime?
False
Is 14750723807 composite?
True
Is 31995568283 composite?
True
Is 3125590249 composite?
False
Is 2588881753 a prime number?
True
Is 3757742741 prime?
True
Is 69334911967 composite?
True
Is 34652424379 composite?
False
Is 27312776923 a prime number?
True
Is 10514433322 prime?
False
Is 1821788809 a prime number?
True
Is 2618418563 a prime number?
False
Is 298886227 a composite number?
False
Is 40539667769 prime?
True
Is 6044004677 a composite number?
False
Is 579094367 a composite number?
False
Is 5996176057 composite?
False
Is 4569019067 composite?
False
Is 277847111847 composite?
True
Is 162374339 composite?
True
Is 2486907757 a composite number?
True
Is 6014676529 a prime number?
True
Is 6086451947 composite?
False
Is 92182231 a composite number?
True
Is 393661451 a prime number?
True
Is 4550751781 a prime number?
False
Is 314529169 a prime number?
True
Is 65398115 a prime number?
False
Is 669473309 a composite number?
False
Is 3677211817 a prime number?
False
Is 2571013673 a prime number?
False
Is 22063628971 composite?
False
Is 4626515587 composite?
True
Is 24672706603 composite?
False
Is 11387281397 composite?
False
Is 22916845379 prime?
False
Is 1553347297 a prime number?
False
Is 160191725061 prime?
False
Is 894189581 a prime number?
False
Is 1929669173 composite?
True
Is 8381108683 composite?
False
Is 7664968991 composite?
False
Is 57897733 composite?
True
Is 87476392489 prime?
True
Is 6978343751 composite?
False
Is 1134656651 a composite number?
False
Is 115395107 a prime number?
False
Is 403717403 a prime number?
True
Is 874011587 composite?
True
Is 55685757623 composite?
False
Is 1926974363 a composite number?
True
Is 853058111 a composite number?
True
Is 402902261 composite?
True
Is 4594479559 composite?
False
Is 668654891 prime?
False
Is 696053101 prime?
False
Is 1096840343 prime?
False
Is 825448092011 a prime number?
True
Is 71420538253 a composite number?
False
Is 16453891357 a prime number?
False
Is 24721320761 prime?
False
Is 785575529 a prime number?
True
Is 352636987 composite?
True
Is 6756226289 composite?
True
Is 244199587 a composite number?
False
Is 9501914353 a composite number?
True
Is 27714810367 prime?
True
Is 511557167 prime?
False
Is 1369911913 composite?
True
Is 2549922821 prime?
False
Is 11653447097 prime?
False
Is 1673660531 a composite number?
True
Is 5322013453 a composite number?
False
Is 332172937 a composite number?
False
Is 1225537087 a prime number?
False
Is 69009835562 prime?
False
Is 1715228089 prime?
False
Is 34083515 prime?
False
Is 6505639999 prime?
False
Is 426854161 a prime number?
False
Is 12929455039 a prime number?
True
Is 8566386167 composite?
False
Is 19527728867 composite?
True
Is 13300186519 composite?
True
Is 24781541203 composite?
True
Is 5887582513 composite?
False
Is 490452541 prime?
True
Is 295561117 a prime number?
True
Is 448817669 a prime number?
False
Is 21373010423 a composite number?
False
Is 1064175479 prime?
False
Is 1713987879 prime?
False
Is 31891383487 composite?
False
Is 45327523 composite?
False
Is 426170993 composite?
False
Is 885094211 prime?
False
Is 91045606189 composite?
False
Is 7241602787 a prime number?
True
Is 715905749 prime?
False
Is 43534506331 a composite number?
True
Is 44632547 a composite number?
False
Is 5063510189 a prime number?
True
Is 470557721 composite?
True
Is 153391795849 a prime number?
True
Is 2505265481 composite?
False
Is 4644817309 prime?
False
Is 150170171 a composite number?
False
Is 1310043311 composite?
False
Is 713855446 composite?
